 be s(-3). Let c(u) = -u**3 - 4*u**2 - 2*u - 1. Calculate c(x).
-4
Let z(n) be the first derivative of -n**4/4 + 2*n**3 - 5*n**2/2 + n - 3. Suppose 5*r - 21 = 4. Calculate z(r).
1
Let z(c) = -7*c**2 + 13*c + 1. Let j(u) = -4*u**2 + 7*u + 1. Suppose 3*d + 16 = -a + 4, 0 = 5*d + 2*a + 21. Let p(q) = d*z(q) + 5*j(q). Give p(3).
-1
Let d(f) = -33*f - 3 + 11*f + 8*f + 12*f. What is d(-6)?
9
Let q(f) = f**2 + 6*f + 5. Suppose -3*s + s + 5*h = 4, -5*s - 5*h = 45. Give q(s).
12
Let g be ((-6)/(-8))/((-10)/(-40)). Let w(v) = 2*v - v**3 - g + v**2 + v + v**2. What is w(3)?
-3
Let k(y) = y - 4. Let a = 31 + -65. Let f = a - -28. Give k(f).
-10
Let g(i) be the third derivative of i**4/12 + 2*i**3/3 - 3*i**2. Calculate g(-4).
-4
Let a(o) = o. Let g(d) = 15*d + 1. Let j(y) = 4*a(y) + g(y). Determine j(1).
20
Let q(m) = 14*m - 26. Let v(z) = -5*z + 9. Let s(u) = 3*q(u) + 8*v(u). Let r be (2/(-4))/(4/(-24)). Let b = 7 - r. Give s(b).
2
Let v(j) = -7*j**2 + 2*j - 1. Suppose 0 = 5*n - 3*t - 5, 2 = 4*n - 3*t - 2. What is v(n)?
-6
Suppose 3*q + 56 = -5*q. Let r(n) = n**3 + 7*n**2 - n - 9. Give r(q).
-2
Let k be -2 - (0 + 1 - 2). Let m be 7/2 - (-4)/(-8). Let n(w) = w**2 + w - 1. Let d(c) = 15*c**2 + 12*c - 12. Let a(b) = m*d(b) - 36*n(b). Give a(k).
9
Suppose m = -2*m + 3, 0 = -4*g - 2*m - 18. Let z(q) = -q**3 - 5*q**2 - q + 6. Determine z(g).
11
Let j(s) = s**3 - 4*s**2 - s + 1. Let n(d) = 1. Let v(t) = j(t) - 6*n(t). Let z = 4 + 0. Give v(z).
-9
Let r(o) = o + 2. Let f = -8 + 4. Calculate r(f).
-2
Let a(r) be the third derivative of -7*r**4/24 + r**3/2 - 2*r**2. Let v(f) = -8*f + 3. Let u(q) = -6*a(q) + 5*v(q). Let t = -8 - -12. What is u(t)?
5
Let p(f) = 3*f**2 + 4. Let i(a) = a**2. Let k(j) = -2*i(j) + p(j). What is k(0)?
4
Suppose -5*p = -2*n + 2 + 13, 0 = -5*n + p + 26. Let o be 168/(-16)*(-2)/3. Suppose -8 = o*g - n*g. Let s(w) = -w + 1. Give s(g).
5
Let f(d) = -4*d - 8. Let r be f(-6). Suppose -4*b + 4*q - r = 0, -5 - 9 = b - 3*q. Let x(h) = -5*h**3 - h**2 - h + 1. Calculate x(b).
-6
Suppose -6*x + x = 2*z + 5, -5*z + 40 = -5*x. Let y(a) = 0 - 1 + 91*a**2 - 5*a - 92*a**2. Calculate y(x).
5
Let m(d) = -3*d**3 - d**2. Let g(v) = -4*v + 7. Let b be g(2). Determine m(b).
2
Let u(p) = 26 + 2*p + 10*p - 17 - 11*p. Let s = 7 + -12. Determine u(s).
4
Let o(f) be the third derivative of f**4/24 + 2*f**3/3 - f**2. Determine o(-4).
0
Let l(p) = -p**2 + p - 6. Suppose -10 = -4*a - 2. Suppose q = -0*q - 2. Let r be (-1 - q - 1)/a. What is l(r)?
-6
Suppose 2 = -4*w + 6. Suppose -f - 4*f = 0. Let t(g) = -g + 0 + f + g**2 + 1 + g**3. Give t(w).
2
Let o be ((-95)/10)/((-1)/(-2)). Let r = -21 - o. Let m(x) = x**3 - 2*x. Determine m(r).
-4
Let h(v) = -v**2 + 8*v + 2. Let q(y) = 2*y. Let u be q(3). Let w be h(u). Let o = w + -10. Let j(a) = -a - 4. Calculate j(o).
-8
Let f(k) = k**3 + 5*k**2 + k - 4. Let o = 2 + -7. Determine f(o).
-9
Let x(d) = d**2 - 7*d - 4. Suppose 0 = j - 3*t + 9, 5*t - 13 = -2*j + 4*j. Calculate x(j).
-10
Let y be -1*(-1 + 2)*-1. Let f(a) = 3*a - 2. Let b(w) = 29*w - 23. Let c(n) = 10*n - 8. Let g(r) = 3*b(r) - 8*c(r). Let q(d) = -5*f(d) + 2*g(d). What is q(y)?
-1
Let n(o) = -7*o - 1. Let a(v) = -v. Let h = 1 + -7. Let r(l) = h*a(l) + n(l). Let j be (6/4)/((-2)/(-4)). Give r(j).
-4
Suppose s + 2*z + 8 = 3*s, -s + 5*z = -12. Suppose -8 = -s*a + 2. Let d = 8 - a. Let l(v) = -v**3 + 4*v**2 - 3*v - 1. Calculate l(d).
-1
Let z(n) = -4*n**3 - 5*n**2 + 7*n - 2. Let v(m) = 11*m**3 + 15*m**2 - 21*m + 5. Let k(t) = 3*v(t) + 8*z(t). Give k(-6).
5
Let r(l) = l**3 - l**2 - 1. Let u(j) = j**3 - 7*j**2 + 5*j - 7. Let f(o) = -2*r(o) + u(o). Give f(-6).
1
Let u be 3/(-2)*(-8)/6. Suppose -u = -g - 0. Suppose -g = -2*i - 0. Let n(o) = 2*o + 1. Determine n(i).
3
Suppose -q - 5 = 4*n, -q = 4*n - 3*n - 1. Suppose 4*h + 0*h - 4 = 0. Let z(x) = -x**3 + x - 3*x**2 - x + h. Give z(n).
-3
Let k be 0 - 0/(3*-1). Let q = k + 2. Let h(m) = 2*m + 2. Give h(q).
6
Let z(f) be the first derivative of f**3/3 - 2*f**2 - f + 5. Determine z(4).
-1
Let r(p) be the third derivative of -p**6/120 - p**5/60 - p**4/24 + 2*p**2. What is r(-2)?
6
Let f be 4/(-14) - (-4)/14. Let a be ((-2)/3)/((-1)/3). Let n(r) = r + r + r**a + f*r. Calculate n(-3).
3
Let o(u) = u**2 - 5*u + 2. Suppose -8*l + 3*x = -4*l - 3, -2*l - 5*x + 21 = 0. Calculate o(l).
-4
Suppose 0 = -2*p - 3*p - 30. Let k be 1/3 - 34/p. Let n(d) = -d**3 + 7*d**2 - 7*d + 9. Give n(k).
3
Let v = -1 - -3. Let y(j) = -3*j**2 + 2*j**v + j + 1 - j**2. Suppose 2*a + 2 = a. Calculate y(a).
-9
Let k(p) be the third derivative of -1/8*p**4 + 1/60*p**5 + 0*p + 1/3*p**3 + 0 + 2*p**2. Let h be k(3). Let j(i) = 2*i**3 - 2*i**2 - 2. What is j(h)?
6
Let c(m) = -m - 1. Suppose 2*j + 5*g - 25 = 0, -4*g - 22 = -2*j - 8*g. Let h(n) = 6*n + 7. Let l(u) = j*c(u) + h(u). Let v = 17 - 21. Give l(v).
-2
Suppose 0*n + 8 = 2*l - 2*n, -l + 5*n = -8. Let m(t) = l - 15*t - 3 + 1. Determine m(1).
-14
Suppose 2*g + 0*s = 3*s + 5, -2*s = -5*g + 7. Let r(a) = -5*a + 1 - a**3 + 5*a**2 - g + 4*a - 3. What is r(5)?
-8
Let f(k) = -5*k + 2. Let i(t) = -t**3 + 4*t**2 + 11*t + 8. Let h be i(6). Give f(h).
-8
Let j = -6 + 10. Let c = -5 - -7. Let q(a) = -j + 6*a**3 - 11*a**2 + 3 - a + 10*a**c. Give q(-1).
-7
Suppose 0 = 5*t + 10. Let k = -4 - t. Let l(o) be the second derivative of -2*o**3/3 + o**2 + 11*o. Calculate l(k).
10
Let r(o) be the first derivative of o**4/4 - 4*o**3/3 - 5*o**2/2 + 7*o + 1. Let f be (0 - 3/2)*(-10)/3. Give r(f).
7
Let r(l) = 4*l**3 - 3*l**2 - 12*l - 9. Let b(o) be the first derivative of 3*o**4/4 - 4*o**3/3 - 11*o**2/2 - 8*o + 3. Let p(w) = 5*b(w) - 4*r(w). Give p(-7).
-4
Let g(x) = x**2. Let i(m) = 6*m**2 + 8*m + 5. Let p(q) = -5*g(q) + i(q). Calculate p(-6).
-7
Let q be 81/(-18)*8/6. Let a(c) = -7*c - 13. Let w(k) = -8*k - 14. Let s(z) = 7*a(z) - 6*w(z). Calculate s(q).
-1
Suppose f = -3*v + 4, 3*f - 12 = 2*v - 0*f. Let k(z) = v*z - z**3 - z - 5*z**2 + 4*z**2 + 4*z**2 - 1. Determine k(3).
-4
Let w(d) = d**3 - 4*d**2 + d + 11. Let h(a) = a**3 - 4*a**2 + 10. Let s(p) = 5*h(p) - 4*w(p). Suppose b - 5*x = -15, 0*b - 2*x = -2*b + 2. What is s(b)?
11
Let z(s) be the first derivative of -s**2/2 + 10*s + 13. Give z(8).
2
Let s = -19/3 - -7. Let l(q) be the first derivative of -q**2 + 1 + s*q**3 + q - 1/2*q**4. What is l(1)?
-1
Let u = -11 - -19. Suppose -5*p + 5 = -4*h, -2*p = p + h - 20. Suppose -u = -g - p. Let j(o) = o**2 + 2. Determine j(g).
11
Suppose 0 = -5*z - 10, 5*z - 4 = -5*t + 2*z. Let f(i) = 6*i**3 - i**t + 1 - i - 5 + 5. Give f(1).
5
Let o be ((-2)/(-6))/(8/24). Suppose 5*g + 3 = -s + o, -4*g = 0. Let p(k) = 4*k - 2. Let a(r) = r. Let h(u) = -5*a(u) + p(u). Calculate h(s).
0
Let m(j) be the first derivative of j**2 - j + 1. Let h = 3 + 0. Suppose 2*g + 1 = h. Calculate m(g).
1
Let f be (-1 - 1)*2/2. Let t(m) = 5 + 2 + 7*m - 3. Let b(q) = -2*q - 1. Let j(w) = -9*b(w) - 2*t(w). Calculate j(f).
-7
Suppose 3 = -3*g - 6. Let u(w) = w**2 + 2*w. Give u(g).
3
Let m(j) = 15*j + 23. Suppose -5*y - 4*k = -22, 0 = -2*y - 4*k + 2*k + 8. Let s(o) = -4*o - o - y + o. Let b(u) = 6*m(u) + 22*s(u). Determine b(-5).
-4
Let w(n) = -5*n + 2. Let o(c) = -51*c + 21. Let a(l) = 2*o(l) - 21*w(l). Let i(y) = -y - 2. Let h be i(-1). Let x be a(h). Let z(f) = 2*f - 1. Determine z(x).
-7
Let t(g) be the first derivative of g**3 + 3*g**2/2 - 3*g - 15. Determine t(2).
15
Let n be (-16)/3 + (-2)/(-6). Let z(j) = -15 - j + 18 - 3. What is z(n)?
5
Let h(w) = -9*w - 7. Let i(n) = -4*n - 3. Let d(p) = 3*h(p) - 7*i(p). Determine d(6).
6
Suppose 0 = -5*l + 2 + 33. Let w(h) = -h + 15. Give w(l).
8
Let u = -36 + 33. Let o(j) = j**2 + 5*j + 2. Give o(u).
-4
Let o(n) be the third derivative of n**4/12 + 3*n**3/2 + 34*n**2. Determine o(-8).
-7
Let o(y) = -3*y. Suppose 0 = -2*p + 20 + 12. Suppose p + 4 = 2*z. Suppose 0*u - 5*u + z = 0. Give o(u).
-6
Let d(h) = -8*h + h**2 + 0*h**2 + 7 + 2. Let u(s) = -5*s - 19. Let z be u(-5). Calculate d(z).
-3
Let p(l) = -16*l**2 - 36*l - 10. Let c(j) = -3*j**2 - 7*j - 2. Let u(q) = 11*c(q) - 2*p(q). Determine u(-3).
4
Let q(t) = 3*t - 6. Let l be q(0). Let j(d) = d**2 + 6*d - 6. What is j(l)?
-6
Let h = 10 - 6. Suppose -5*g + 5*i = 40, 2*i = 4*g + h*i + 8. Let v(j) = j**2 + 2*j - 4. Calculate v(g).
4
Let w(z) = -7*z - 9. Let p(u) = -20*u - 26. Let b